 11, 1187863
List the prime factors of 803571.
3, 267857
What are the prime factors of 303026?
2, 103, 1471
What are the prime factors of 8661536?
2, 13, 47, 443
What are the prime factors of 293270?
2, 5, 29327
List the prime factors of 533777.
533777
List the prime factors of 2022883.
2022883
List the prime factors of 2164009.
29, 71, 1051
What are the prime factors of 18128095?
5, 3625619
What are the prime factors of 478036?
2, 13, 29, 317
List the prime factors of 11710441.
19, 73, 8443
What are the prime factors of 210502?
2, 105251
What are the prime factors of 170551?
170551
What are the prime factors of 7815402?
2, 3, 7, 8861
List the prime factors of 1780579.
1780579
What are the prime factors of 1712625?
3, 5, 4567
What are the prime factors of 270607?
461, 587
What are the prime factors of 9559840?
2, 5, 149, 401
List the prime factors of 649674.
2, 3, 53, 227
List the prime factors of 1404965.
5, 17, 16529
What are the prime factors of 325188?
2, 3, 3011
What are the prime factors of 368821?
191, 1931
List the prime factors of 26009485.
5, 53, 61, 1609
List the prime factors of 935310.
2, 3, 5, 31177
What are the prime factors of 1824798?
2, 3, 19, 16007
What are the prime factors of 7130236?
2, 1782559
List the prime factors of 11901478.
2, 67, 88817
List the prime factors of 613960.
2, 5, 15349
List the prime factors of 332437.
7, 47491
List the prime factors of 8877.
3, 11, 269
List the prime factors of 6224865.
3, 5, 414991
List the prime factors of 25802.
2, 7, 19, 97
What are the prime factors of 3239847?
3, 13, 27691
What are the prime factors of 745230?
2, 3, 5, 24841
List the prime factors of 206417.
151, 1367
What are the prime factors of 696094?
2, 7, 7103
What are the prime factors of 197306?
2, 47, 2099
List the prime factors of 225374.
2, 112687
List the prime factors of 765684.
2, 3, 21269
What are the prime factors of 7556310?
2, 3, 5, 113, 743
What are the prime factors of 598551?
3, 127, 1571
What are the prime factors of 797620?
2, 5, 19, 2099
List the prime factors of 10067450.
2, 5, 227, 887
List the prime factors of 17600728.
2, 499, 4409
What are the prime factors of 8756922?
2, 3, 211, 6917
List the prime factors of 472450.
2, 5, 11, 859
What are the prime factors of 36141336?
2, 3, 7, 11, 41, 53
List the prime factors of 271083.
3, 109, 829
What are the prime factors of 2822576?
2, 67, 2633
List the prime factors of 661602.
2, 3, 31, 3557
What are the prime factors of 1342779?
3, 17, 113, 233
List the prime factors of 49363.
49363
List the prime factors of 601578.
2, 3, 19, 1759
List the prime factors of 6896476.
2, 251, 6869
List the prime factors of 218508.
2, 3, 131, 139
What are the prime factors of 9151424?
2, 23, 6217
List the prime factors of 328238.
2, 337, 487
List the prime factors of 5650965.
3, 5, 4651
What are the prime factors of 313848?
2, 3, 1453
What are the prime factors of 13570810?
2, 5, 11, 107, 1153
What are the prime factors of 2264292?
2, 3, 62897
List the prime factors of 3921876.
2, 3, 7, 79, 197
List the prime factors of 326941.
326941
List the prime factors of 6634.
2, 31, 107
What are the prime factors of 118906?
2, 59453
What are the prime factors of 108311?
7, 15473
What are the prime factors of 75898?
2, 137, 277
What are the prime factors of 44229?
3, 23, 641
What are the prime factors of 7954409?
113, 70393
List the prime factors of 16086824.
2, 13, 154681
List the prime factors of 1246226.
2, 43, 337
List the prime factors of 1692201.
3, 7, 61, 1321
What are the prime factors of 1706746?
2, 137, 6229
List the prime factors of 1517824.
2, 7, 11
What are the prime factors of 329631?
3, 19, 5783
List the prime factors of 226771.
41, 5531
List the prime factors of 5422579.
181, 29959
What are the prime factors of 16482688?
2, 61, 2111
What are the prime factors of 1695367?
421, 4027
List the prime factors of 29879.
29879
List the prime factors of 5446220.
2, 5, 13, 20947
List the prime factors of 1344081.
3, 448027
List the prime factors of 15567014.
2, 7783507
What are the prime factors of 3039460?
2, 5, 83, 1831
What are the prime factors of 1468030?
2, 5, 73, 2011
What are the prime factors of 6127005?
3, 5, 97, 4211
What are the prime factors of 399628?
2, 99907
What are the prime factors of 3297609?
3, 7, 17, 3079
What are the prime factors of 261312?
2, 3, 1361
What are the prime factors of 4553455?
5, 910691
What are the prime factors of 6432930?
2, 3, 5, 7, 10211
What are the prime factors of 26006011?
29, 641, 1399
What are the prime factors of 321196?
2, 59, 1361
What are the prime factors of 27467257?
17, 829, 1949
What are the prime factors of 18515900?
2, 5, 13, 14243
List the prime factors of 557048.
2, 179, 389
List the prime factors of 11858098.
2, 7, 121001
List the prime factors of 56298.
2, 3, 11, 853
What are the prime factors of 114402?
2, 3, 23, 829
What are the prime factors of 173313?
3, 7, 131
List the prime factors of 865259.
865259
What are the prime factors of 33830772?
2, 3, 2819231
List the prime factors of 25817839.
929, 27791
List the prime factors of 941119.
941119
What are the prime factors of 232022?
2, 7, 16573
List the prime factors of 180260.
2, 5, 9013
What are the prime factors of 80834?
2, 13, 3109
What are the prime factors of 1478252?
2, 17, 21739
What are the prime factors of 665503?
665503
List the prime factors of 1578419.
131, 12049
List the prime factors of 21678092.
2, 47, 115309
List the prime factors of 41696.
2, 1303
What are the prime factors of 1404794?
2, 23, 30539
List the prime factors of 7125945.
3, 5, 271, 1753
What are the prime factors of 1798414?
2, 67, 13421
What are the prime factors of 38124?
2, 3, 353
What are the prime factors of 7560140?
2, 5, 7, 54001
What are the prime factors of 196458?
2, 3, 137, 239
What are the prime factors of 8409709?
7, 11, 149, 733
List the prime factors of 2362472.
2, 7, 42187
List the prime factors of 12480333.
3, 47, 88513
What are the prime factors of 770351?
137, 5623
What are the prime factors of 541533?
3, 180511
List the prime factors of 343004.
2, 85751
List the prime factors of 5151745.
5, 1030349
List the prime factors of 2224009.
2224009
What are the prime factors of 29388707?
29388707
What are the prime factors of 1354649?
1354649
What are the prime factors of 74228?
2, 7, 11, 241
List the prime factors of 647360.
2, 5, 7, 17
List the prime factors of 10290643.
11, 935513
What are the prime factors of 404156?
2, 23, 191
List the prime factors of 802674.
2, 3, 19, 2347
List the prime factors of 698242.
2, 349121
List the prime factors of 321164.
2, 17, 4723
List the prime factors of 184556.
2, 29, 37, 43
List the prime factors of 182929.
182929
List the prime factors of 76999.
13, 5923
List the prime factors of 12581630.
2, 5, 1258163
What are the prime factors of 154545?
3, 5, 10303
List the prime factors of 487028.
2, 313, 389
What are the prime factors of 1431312?
2, 3, 29819
What are the prime factors of 594721?
594721
List the prime factors of 59468.
2, 14867
List the prime factors of 227276.
2, 7, 8117
List the prime factors of 3165797.
3165797
What are the prime factors of 3213796?
2, 803449
What are the prime factors of 15885616?
2, 17, 58403
What are the prime factors of 401996?
2, 7, 293
What are the prime factors of 1684352?
2, 13159
List the prime factors of 2489961.
3, 829987
What are the prime factors of 236033?
7, 4817
What are the prime factors of 5810940?
2, 3, 5, 17, 211
What are the prime factors of 1184733?
3, 11, 3989
What are the prime factors of 693621?
3, 77069
List the prime factors of 575689.
575689
List the prime factors of 605571.
3, 97, 2081
List the prime factors of 23012313.
3, 7670771
List the prime factors of 38004574.
2, 31, 612977
List the prime factors of 5183655.
3, 5, 345577
List the prime factors of 791571.
3, 11, 17, 83
List the prime factors of 4416911.
19, 31, 7499
What are the prime factors of 90709?
90709
What are the prime factors of 40875?
3, 5, 109
What are the prime factors of 846744?
2, 3, 35281
What are the prime factors of 9664532?
2, 2416133
List the prime factors of 1290098.
2, 645049
What are the prime factors of 7356546?
2, 3, 17, 29, 829
What are the prime factors of 1509440?
2, 5, 53, 89
List the prime factors